111111
In base 14, what is -5c2587 - -1?
-5c2586
In base 5, what is -1030121 + -2?
-1030123
In base 12, what is -5 - -1329?
1324
In base 4, what is 22322 - -202?
23130
In base 4, what is -230231011 + 11?
-230231000
In base 9, what is 2 + -346?
-344
In base 6, what is -110 + 5354?
5244
In base 15, what is c7aa + -2b?
c77e
In base 14, what is -142d22 + 0?
-142d22
In base 14, what is 10 - 1978a?
-1977a
In base 6, what is 52114 + 2354?
54512
In base 16, what is -7 - 10f?
-116
In base 3, what is 1220202201 - -12?
1220202220
In base 15, what is -13d + d1?
-5c
In base 4, what is -222 + 2031113?
2030231
In base 16, what is -2 - 16aa6?
-16aa8
In base 14, what is 209d1 + 3?
209d4
In base 13, what is -b + -7a3?
-7b1
In base 10, what is -4261 - 14?
-4275
In base 14, what is -5 + ba6d?
ba68
In base 6, what is -11453542 + 5?
-11453533
In base 15, what is -38 + -32a3?
-32db
In base 16, what is 7ee + -16?
7d8
In base 3, what is 1200011 + -121100?
1001211
In base 15, what is -3289 + 3b?
-324d
In base 4, what is 123101 - 121?
122320
In base 2, what is -11000010011 - -111010?
-10111011001
In base 11, what is 888 + -86?
802
In base 2, what is -1100011000110110101 + -11?
-1100011000110111000
In base 7, what is -225 + 4510?
4252
In base 16, what is 5 - -19b84?
19b89
In base 11, what is -332 - -37?
-2a6
In base 14, what is -1a6 + 20?
-186
In base 11, what is 2a4a07 - 1?
2a4a06
In base 13, what is -1080 - 27?
-10a7
In base 16, what is 3f73 + -5?
3f6e
In base 11, what is 25334 + 1?
25335
In base 16, what is 1c3 - -e3?
2a6
In base 6, what is 24422 + -4442?
15540
In base 2, what is -11001011 + 1010011101010?
1010000011111
In base 10, what is -36122 - -5?
-36117
In base 13, what is -3 + 3291a?
32917
In base 10, what is 320112 + 2?
320114
In base 15, what is 1 + 169d7?
169d8
In base 7, what is 1135611 - 1?
1135610
In base 7, what is -305 + 13014?
12406
In base 3, what is 222120221 - -11?
222121002
In base 15, what is dc7 - 20?
da7
In base 16, what is 21c3 - -2f?
21f2
In base 16, what is c96 + 3?
c99
In base 2, what is 100 + -100101000110001010?
-100101000110000110
In base 9, what is 5 - 5005?
-5000
In base 10, what is 435 - -156?
591
In base 4, what is -3 + 2213202331?
2213202322
In base 11, what is 182 - 503?
-331
In base 8, what is -237256 + -2?
-237260
In base 7, what is 12550 - 0?
12550
In base 2, what is 1010010111010100110 + 11?
1010010111010101001
In base 10, what is 1277979 + -3?
1277976
In base 11, what is 15417 + 12?
15429
In base 13, what is 1017 + 13?
102a
In base 11, what is 18 - 26764?
-26747
In base 12, what is 2 + -29a0a1?
-29a09b
In base 14, what is -2 + -3026c?
-30270
In base 3, what is -1101101 - -110120?
-220211
In base 14, what is -865d + -1?
-8660
In base 16, what is 4 + 1b0c?
1b10
In base 9, what is 427872 + 5?
427877
In base 16, what is -9246 + 46?
-9200
In base 13, what is acb74c + 1?
acb750
In base 11, what is 1 - -183a09?
183a0a
In base 8, what is 71 - 16326?
-16235
In base 13, what is 323c - 1c?
3220
In base 9, what is -12183 + -16?
-12210
In base 8, what is 25124 + -535?
24367
In base 14, what is -48714 - -4?
-48710
In base 10, what is 0 - 32778?
-32778
In base 9, what is 5303 + 17?
5321
In base 2, what is -1001000111 - 111111010?
-10001000001
In base 8, what is -46711 - 214?
-47125
In base 16, what is 5 - 3f?
-3a
In base 10, what is -24 - -11259?
11235
In base 13, what is a378 - 13?
a365
In base 14, what is -1721 - -15?
-170a
In base 9, what is 2503 + 2020?
4523
In base 8, what is -321 - 210?
-531
In base 3, what is 1 + 12022201?
12022202
In base 5, what is 410103 - -10?
410113
In base 11, what is 1223601 + -3?
12235a9
In base 14, what is 1a + 6623?
663d
In base 5, what is 4 + 33?
42
In base 11, what is -4 + -a6794?
-a6798
In base 3, what is -110000122 - -202?
-102222220
In base 6, what is 130 + 41123?
41253
In base 2, what is 110010110000 + -10010?
110010011110
In base 11, what is 2 - 4367?
-4365
In base 7, what is -1654603 - 3?
-1654606
In base 7, what is 205 - -564?
1102
In base 4, what is 1100 - 221310?
-220210
In base 8, what is 0 - 5642742?
-5642742
In base 5, what is 23420430 + -10?
23420420
In base 3, what is 1102 + 1201000?
1202102
In base 15, what is -5 - a9d90?
-a9d95
In base 15, what is -327 + 69?
-2ad
In base 2, what is 101111111 + 111?
110000110
In base 9, what is -3 - -126826?
126823
In base 5, what is -4021 - 13131?
-22202
In base 10, what is 3468374 - 3?
3468371
In base 14, what is 272a3 - -5?
272a8
In base 6, what is -24124352 + 3?
-24124345
In base 8, what is -212544 + 3?
-212541
In base 14, what is c809a - -1?
c809b
In base 4, what is -1113111 + -1332?
-1121103
In base 15, what is 6 - 1a462?
-1a45b
In base 13, what is -52b + -35?
-563
In base 14, what is -1629 + 67?
-15a2
In base 5, what is 10 - 231210?
-231200
In base 15, what is 4316 + 5?
431b
In base 6, what is 1145 + 4523?
10112
In base 8, what is 16 - 166272?
-166254
In base 10, what is 17170 - 4?
17166
In base 7, what is -1215 - -3?
-1212
In base 16, what is -74a3 + 4?
-749f
In base 4, what is 101 + 100033?
100200
In base 4, what is -333233 - 22?
-333321
In base 16, what is -12 + -af1?
-b03
In base 5, what is -1 + -13432424?
-13432430
In base 15, what is -82 + -b9?
-14b
In base 13, what is -3 - 36a7?
-36aa
In base 5, what is 3334434 + 1022?
3341011
In base 8, what is -221205 + 0?
-221205
In base 10, what is -560 - -2499?
1939
In base 15, what is 1d + -b04b?
-b02d
In base 15, what is 1163 - -19?
117c
In base 14, what is -4 + 62807?
62803
In base 14, what is -62 - -1697?
1635
In base 3, what is 1100002 - 1000122?
22110
In base 10, what is 1 - -351476?
351477
In base 13, what is -13269 + -5?
-13271
In base 5, what is 1104 - -342?
2001
In base 7, what is 4155 + -212?
3643
In base 5, what is 344401 + -3?
344343
In base 11, what is -338 + 1a?
-319
In base 3, what is 110 - -12121202?
12122012
In base 3, what is -12 + 210102022120?
210102022101
In base 7, what is -42321352 + -4?
-42321356
In base 10, what is -6 + -237955?
-237961
In base 13, what is 0 - -5ac33?
5ac33
In base 10, what is -5 + -489579?
-489584
In base 9, what is 23 + -1384?
-1361
In base 6, what is 31 - -14535?
15010
In base 3, what is -2101020121 + 2?
-2101020112
In base 16, what is -15b5 - -41?
-1574
In base 11, what is -95156 - 29?
-95184
In base 13, what is 4b4ac - 3?
4b4a9
In base 9, what is -5 + -123350?
-123355
In base 9, what is 64842 + -8?
64833
In base 13, what is -1 - 1abac?
-1abb0
In base 11, what is 9 + -16344?
-16336
In base 5, what is 34304 + 312?
40121
In base 10, what is -1646 - 121?
-1767
In base 8, what is -1050 - -6?
-1042
In base 14, what is 1a5 - -100?
2a5
In base 10, what is -24 - 756?
-780
In base 14, what is -78 + 1b52?
1ab8
In base 16, what is 7 + 48ef?
48f6
In base 10, what is 926 - -17?
943
In base 11, what is -371 - -675?
304
In base 8, what is 403456 - -2?
403460
In base 3, what is -1 + -12121001022?
-12121001100
In base 11, what is 90 - 991?
-901
In base 10, what is -1 - -8050?
8049
In base 2, what is -1110110 - 1000011001?
-1010001111
In base 14, what is -2c397 + b?
-2c38a
In base 14, what is -13 - -a6c6c?
a6c59
In base 4, what is -20330 + 321?
-20003
In base 15, what is -23a + 82?
-1a8
In base 4, what is 3033011 - 12?
3032333
In base 13, what is -15 + 6cc2?
6caa
In base 6, what is -3503 - 115?
-4022
In base 4, what is -2021033 - -13300?
-2001133
In base 13, what is 4701 + 3?
4704
In base 8, what is -232250 + 0?
-232250
In base 10, what is -5126 - -96?
-5030
In base 16, what is -1b41d + 5?
-1b418
In base 9, what is 0 - 7445?
-7445
In base 4, what is 3031003100 - -11?
3031003111
In base 3, what is -11212 + 200211?
111222
In base 11, what is 29 - 544?
-516
In base 13, what is -41215 - 6?
-4121b
In base 5, what is 2020433302 + 2?
2020433304
In base 14, what is 453a3 - 3?
453a0
In base 12, what is 106743 + 1?
106744
In base 4, what is 1230 - 22011?
-20121
In base 4, what is -1010222203 + -2?
-1010222211
In base 16, what is -3 - -8fcc?
8fc9
In base 4, what is 21210 - 1122311?
-1101101
In base 8, what is -132467 - -12?
-132455
In base 11, what is 7 + 69925?
69931
In base 3, what is 1220 + -1020101221?
-1020100001
In base 9, what is 226535 + 38?
226574
In base 13, what is 25 - 5030?
-5008
In base 6, what is 2333053 - -5?
2333102
In base 7, what is 1640342 + -5?
1640334
In base 4, 